)?
3
Let n(f) = -f**2 - 6*f. Let c(v) = -v**2 + v - 5. Let t(a) = a**2 + 15*a + 14. Let g be t(-14). Let i be c(g). Calculate n(i).
5
Suppose -2*m = -4*l + 2, 0*l - 5*l = -5*m + 15. Let u(h) = h - 4. Calculate u(m).
3
Let k = 3 - -2. Let f(u) be the third derivative of -u**5/60 + 7*u**4/24 + 15*u**2. Let h(l) = 1. Let p(r) = -f(r) + 4*h(r). What is p(k)?
-6
Let k(c) = c**3 + 0*c**2 - 5*c + 10*c - 6*c**2 - 3*c - 2 + 14. Calculate k(5).
-3
Suppose -c = -0*c - 5. Let d be (1/(-7))/(4*c/(-140)). Let f(u) = 6*u. Give f(d).
6
Let b(x) be the first derivative of x**4/4 + 4*x**3/3 - 5*x**2/2 - 2*x + 133. Give b(-4).
18
Let h(v) be the third derivative of -v**5/30 + v**4/12 + v**3/6 + 47*v**2 - 2. What is h(-3)?
-23
Let f(n) = 17 + 2*n - n - 30 + 11. Let x(d) = -2*d + 4. Let y(s) = -5*f(s) - 3*x(s). What is y(-7)?
-9
Let w(d) = d**2 + d - 1. Let p(u) = u**2 + 9*u + 2. Suppose 4*t = 4*a - 4, -2*a = 2*t + t + 8. Let g(q) = a*p(q) + 2*w(q). Calculate g(7).
-4
Let y(k) = -k**2 + 2*k + 39. Suppose -3*d - 2*r + 17 = 0, 5*r = 2*d + 11 - 35. What is y(d)?
4
Let f(n) = n**2 - 9*n + 6. Let m(b) = -9*b**2 + b + 2. Let g be m(-1). Let p(j) = -j**3 - 8*j**2 - 3*j - 18. Let t be p(g). Give f(t).
-12
Let z(i) be the third derivative of i**3/6 + 7*i**2. Let q(y) = y**3 + 6*y**2 + y - 2. Let b(p) = -q(p) - 6*z(p). What is b(-6)?
2
Let o(v) = -v**2 - 5*v + 1. Suppose w + 3*w = -32. Suppose -b - 5*k = 19, k + 0*k = 2*b + 27. Let r = b - w. What is o(r)?
-5
Let x(i) = -24*i**3 - 3*i**2 + 3. Let a(t) = -8*t**3 - t**2 + 1. Let u(l) = 11*a(l) - 4*x(l). Suppose -5*h = 1 - 6. Determine u(h).
8
Let d(x) = 4*x + 298. Let c be d(-76). Let h(m) be the third derivative of -m**4/6 - m**3 - 2*m**2. Calculate h(c).
18
Let b = 5 + -2. Suppose -b*d = 4*w - 6, -3*w + 3*d + 16 = 1. Let s(k) = -3*k - w*k - 3*k. What is s(-1)?
9
Let z be 68/(-20) - 8/(-20). Let c be 9/(-2)*(-2)/z. Let x = c + -3. Let t(h) = -h - 1. Calculate t(x).
5
Let o(a) = a**3 + 5*a**2 + 2*a - 4. Let b = -1 - -5. Suppose b*d + 35 = -d. Let n = -10 - d. What is o(n)?
8
Let y(b) = -2 + 0*b**2 + 0 - 7*b - 3*b**2 + 2*b**2. Suppose 2*k = 6, 4*t - 3*t = 3*k - 12. Calculate y(t).
10
Let q(t) = t**2 - 9. Suppose -9 + 4 = -5*s - 2*m, 12 = -s - 3*m. Suppose -4*c - 4*i + 2*i - 2 = 0, -c + s = -3*i. Calculate q(c).
-9
Let x(i) = i - 6. Let p(b) = -4*b + 1. Let r be p(-2). Let c be x(r). Let q(f) = -c*f - 4 + 0*f - 6*f + 8*f. Calculate q(-2).
-2
Let p = -156 + 156. Let v(r) = -r**2 + 2*r - 5. Calculate v(p).
-5
Let u(c) = c**2 + 23*c + 47. Let b(d) = -8*d**2 + 6*d - 1. Let n be b(2). Determine u(n).
5
Let o be (-13)/(91/49)*6/(-14). Let p(c) = -c**2 + 3. What is p(o)?
-6
Suppose -3*w - 1 = 11. Let z be 0 - -1 - (0 - 9/(-1)). Let o = z - w. Let s(v) = 2*v + 3. What is s(o)?
-5
Let b(q) = -2*q**3 - 2*q**2 - 2*q - 2. Suppose 3*c = -4 - 8. Let m be -6 + 3 + (-3 - c). Determine b(m).
10
Suppose 0*z + 6 = 3*z. Let h be (5 + z)*12/14. Let p(c) = -c**3 - 176*c**2 - 4 - 187*c**2 - 6*c + 370*c**2. Determine p(h).
-4
Let n(q) be the first derivative of q**3 - 3*q**2/2 - 3*q + 1. Let x = 4827 + -4829. Calculate n(x).
15
Let n(b) be the second derivative of -b**6/360 + b**5/20 - b**4/4 - 2*b**3/3 + 7*b. Let q(t) be the second derivative of n(t). Determine q(5).
-1
Let k(u) = u**2 + 119*u - 7. Let c be k(0). Let y(f) = 4*f + 8. Calculate y(c).
-20
Let o(n) = 9*n - 248. Let y(m) = -3*m + 89. Let r(c) = -4*o(c) - 11*y(c). Calculate r(3).
4
Let q be (-12)/(-9)*6*-3. Let w be 30/4 + (-12)/q. Suppose w = -2*u - 4. Let c(o) = -o**2 - 6*o - 5. Calculate c(u).
-5
Let k(t) = 5*t - 2. Suppose 2*d + 0*d - 20 = -2*p, 3*d = 3*p. What is k(d)?
23
Let z(i) = i**2 + i - 4. Let p = -54 + 49. Let d be (2*-1)/(p + 44/8). What is z(d)?
8
Let q(z) be the second derivative of -z**3/6 - 3*z**2/2 + 82*z. Give q(4).
-7
Let h(p) = -p**3 - 6*p**2 - 4*p + 2. Let c be h(-5). Let o be -19 + 17 - 3*-1. Let b(m) = 2*m - m + 3 - 3*m + o. Calculate b(c).
10
Let c = 60 - 79. Let o = -15 - c. Let w(s) = -s**3 + 3*s**2 + 2. Give w(o).
-14
Let c = -4 + 3. Let s(u) = 5*u**3 + 2*u**2 - 4*u - 5. Let p(t) = 14*t**3 + 6*t**2 - 11*t - 14. Let x(g) = -4*p(g) + 11*s(g). Determine x(c).
0
Let c(l) = -l**2 + 10*l - 11. Let m be c(9). Let o(s) be the third derivative of -s**6/120 - s**5/15 - s**4/8 - s**3/2 - 32*s**2. Determine o(m).
-5
Let j(w) be the first derivative of w**4/4 - 7*w**3/3 + 5*w**2/2 - 2*w + 65. Determine j(6).
-8
Let p(x) = -x**2 + x + 1. Let b be p(3). Suppose -t - 2*u - 4 = 0, -t - 24 = -4*t + 3*u. Let v(y) = 0*y - y**3 + 9 - 6 + 6*y - t*y**2. Give v(b).
-2
Suppose -39 = 4*p - 7*p. Let g(s) = s**3 - 12*s**2 - 12*s - 8. Let y be g(p). Suppose 0 = -4*o + 16, -2*m + 4*o - y*o - 2 = 0. Let l(c) = 6*c + 4. Give l(m).
-14
Let s(p) = 3 + 2*p - 4 + 2. Let w be 3 - (0 + -1)/((-4)/32). Give s(w).
-9
Let l(u) = -18*u + 4. Let f(a) = 3*a**2 + 65*a + 40. Let n be f(-21). Give l(n).
40
Suppose 4*w + 4*f - 36 = 0, w + 6*f = 2*f - 3. Let v(g) = -g**2 + 13*g + 5. Give v(w).
5
Let k(x) = 5*x**2 - 3*x**3 - 5*x - 10 + 4*x**3 + 1. What is k(-6)?
-15
Let p be 9/2*(14/(-6) + 3). Let z(m) = -m + 1. Let q(c) = -4*c + 16. Let b(f) = p*z(f) - q(f). Determine b(9).
-4
Suppose 21*i - 6 = 20*i. Suppose 4*a + 5*s = 1 - 3, -3*s - i = 0. Let u(k) = -2*k**3 + k**2 + 3*k - 3. Give u(a).
-9
Let m = 90 - 88. Let x(b) = -8*b**2 + b + 10*b**m - 7 + 6 - 3*b. Determine x(2).
3
Let i(h) = -7*h + h**2 + 6 + 14*h**2 - 7*h**2 - 9*h**2 - 6*h. Give i(-15).
-24
Let m be -1 - ((-120)/84 - 6/(-14)). Let z(b) = 2*b**2 + 4. Let h be z(m). Let j(d) = 4*d - 6. Give j(h).
10
Let u(r) be the second derivative of -r**4/12 - 3*r**3/2 + 13*r**2/2 + 6*r - 4. Calculate u(-10).
3
Let n be ((-98)/(-4))/(-7)*2. Suppose -2*h + 3 = -3. Let o(c) = -1 + h*c**2 - 4 + c**3 + 7*c**2 - 4*c**2 - 7*c. Determine o(n).
-5
Let x(a) = -7*a**3 + 2*a**2 - 5*a + 9. Let c(y) = -6*y**3 + 2*y**2 - 4*y + 8. Let w(r) = 6*c(r) - 5*x(r). Calculate w(0).
3
Let o = 6161/1370 + 2/685. Let b(j) be the first derivative of o*j**2 + j + 5. What is b(1)?
10
Let m(r) = -2*r + 5*r - 4 - r. Suppose -4*w + 12 = -g, -8*w + 3*w = -20. Give m(g).
4
Let w(a) be the third derivative of -a**5/30 + a**4/6 - a**3/3 - 121*a**2 - 1. Calculate w(3).
-8
Let a(l) = l**2 + 2*l - 5. Let d be a(-4). Let h(y) = -y**2 + 0*y**3 - 9*y**2 + y**d - 6*y + 6*y**2 + 5. Let n be -1 + (-1)/(1/(-6)). Give h(n).
0
Let h(o) = 17*o**3 - 2*o**2 + 1. Suppose 162*s - 167*s - 5 = 0. Calculate h(s).
-18
Let t(m) = 60*m**2 - 112*m**2 + 2*m + 1 - m**3 + 53*m**2. What is t(0)?
1
Let l(n) = 2*n**2 - 9*n - 38. Let v be l(7). Let p(r) = r**3 + 6*r**2 - r - 1. Calculate p(v).
29
Suppose 7 = 4*z - 13. Suppose 0 = -3*f - z + 17. Let u(k) = 5*k - k - k - f*k - 10. What is u(0)?
-10
Let c = 20 - 16. Let a(u) = 14*u**3 + c - 5 + 2*u**2 - 18*u**3. Determine a(-1).
5
Let w(o) be the first derivative of o**3/3 - 5*o**2/2 + 2*o + 1. Suppose 14 + 2 = 8*l. Suppose 16 + 6 = 4*p - 2*r, -2*p - 2*r = -l. Calculate w(p).
-2
Suppose 2*u + 3 = -j, -3*j + 2*u + 15 = -0*j. Let l be 1/((-3)/(-63)*j). Let n(b) = -b**3 + 6*b**2 + 5*b + 8. Calculate n(l).
-6
Let l = 116 + -123. Let h(q) = -q**3 - 7*q**2 - 2*q + 4. Give h(l).
18
Let g(q) = -5*q - 6*q**2 + 18*q**2 - 2*q**2 - q**3 - 6*q**2 + 4. Calculate g(4).
-16
Let v(x) be the third derivative of -x**6/120 + x**5/10 - x**4/8 - x**3 + x**2. Suppose -2*t = 2*b - 20, 12*b - 8*b = 4*t. Calculate v(t).
4
Let q(s) = 4*s + 4*s - 8*s**2 + 0*s**3 + s**3 - 4. Let a be 134/20 + (-12)/(-40). What is q(a)?
3
Let b(s) = -s**2 - 5*s - 4. Let q = 52 + -56. Calculate b(q).
0
Let y(x) = x**2 + 5*x + 1. Let h(v) be the first derivative of v**4/4 + 4*v**3/3 - v**2 + 10*v - 8. Let z be h(-5). What is y(z)?
1
Let l be 25*6/(-15) + 9. Let p(f) = 24*f**2 + f + 1. Give p(l).
24
Let c be (-7 - -2) + (-3 - (-50)/5). Let o(y) = 8*y**3 - 3*y**2 + 2*y + 2. Calculate o(c).
58
Let d(x) = -x**2 + 2*x + 3. Let a = 41 + -23. Let m = -14 + a. Calculate d(m).
-5
Let r = -38 - -39. Let p(w) = -42*w + 1. Give p(r).
-41
Let d(w) = -24*w**3 + 39*w**2 + 58*w + 94. Let g(b) = 13*b**3 - 20*b**2 - 32*b - 47. Let j(s) = 6*d(s) + 11*g(s). Give j(14).
-9
Let m be (4 - (48/18 + 1))*0. Let d(c) = -c**2 - c + 8. Give d(m).
8
Let f be (-3)/7 + (8 - 371/49). Let n(l) = -5*l**2 - 3*l + 2*l - 7 + 5*l**2 + l**2. What is n(f)?
-7
Let c(g)